{"id":948,"date":"2018-06-15T11:27:12","date_gmt":"2018-06-15T11:27:12","guid":{"rendered":"https:\/\/systeminfo.pt\/?post_type=product&#038;p=948"},"modified":"2022-06-24T17:46:31","modified_gmt":"2022-06-24T17:46:31","slug":"dell-2230d","status":"publish","type":"product","link":"https:\/\/systeminfo.pt\/index.php\/product\/dell-2230d\/","title":{"rendered":"DELL 2230D"},"content":{"rendered":"<p>ESPECIFICA\u00c7\u00d5ES T\u00c9CNICAS<\/p>\n<ul>\n<li>Velocidade extraordin\u00e1ria \u2013 velocidade de impress\u00e3o at\u00e9 33 ppm.<\/li>\n<li>Tecnologia de aquecimento instant\u00e2neo &#8211; Ajuda a reduzir o prazo de impress\u00e3o da primeira p\u00e1gina para at\u00e9 7,5 segundos a partir do modo de espera. A funcionalidade Aquecimento instant\u00e2neo \u00e9 apenas mais uma forma da Dell 2330d o ajudar a maximizar a sua efici\u00eancia e a ser mais produtivo.<\/li>\n<li>Excelente qualidade \u2013 textos n\u00edtidos e imagens impressionantes com a resolu\u00e7\u00e3o de 1200 x 1200 ppp.<\/li>\n<li>Ciclo de funcionamento mensal m\u00e1ximo de 50.000 folhas.<\/li>\n<\/ul>\n","protected":false},"excerpt":{"rendered":"<p>DELL 2330D combina a alta resolu\u00e7\u00e3o e as r\u00e1pidas velocidades de impress\u00e3o.<\/p>\n<ul>\n<li>Velocidades de impress\u00e3o at\u00e9 33 ppm<\/li>\n<li>Excel\u00eancia da verdadeira resolu\u00e7\u00e3o de 1200 x 1200 ppp<\/li>\n<li>Baixo custo por p\u00e1gina<\/li>\n<\/ul>\n","protected":false},"featured_media":1082,"template":"","meta":{"_exactmetrics_skip_tracking":false,"_exactmetrics_sitenote_active":false,"_exactmetrics_sitenote_note":"","_exactmetrics_sitenote_category":0},"product_brand":[],"product_cat":[138],"product_tag":[],"class_list":{"0":"post-948","1":"product","2":"type-product","3":"status-publish","4":"has-post-thumbnail","6":"product_cat-uncategorized","8":"first","9":"instock","10":"shipping-taxable","11":"product-type-simple"},"_links":{"self":[{"href":"https:\/\/systeminfo.pt\/index.php\/wp-json\/wp\/v2\/product\/948","targetHints":{"allow":["GET"]}}],"collection":[{"href":"https:\/\/systeminfo.pt\/index.php\/wp-json\/wp\/v2\/product"}],"about":[{"href":"https:\/\/systeminfo.pt\/index.php\/wp-json\/wp\/v2\/types\/product"}],"version-history":[{"count":1,"href":"https:\/\/systeminfo.pt\/index.php\/wp-json\/wp\/v2\/product\/948\/revisions"}],"predecessor-version":[{"id":949,"href":"https:\/\/systeminfo.pt\/index.php\/wp-json\/wp\/v2\/product\/948\/revisions\/949"}],"wp:featuredmedia":[{"embeddable":true,"href":"https:\/\/systeminfo.pt\/index.php\/wp-json\/wp\/v2\/media\/1082"}],"wp:attachment":[{"href":"https:\/\/systeminfo.pt\/index.php\/wp-json\/wp\/v2\/media?parent=948"}],"wp:term":[{"taxonomy":"product_brand","embeddable":true,"href":"https:\/\/systeminfo.pt\/index.php\/wp-json\/wp\/v2\/product_brand?post=948"},{"taxonomy":"product_cat","embeddable":true,"href":"https:\/\/systeminfo.pt\/index.php\/wp-json\/wp\/v2\/product_cat?post=948"},{"taxonomy":"product_tag","embeddable":true,"href":"https:\/\/systeminfo.pt\/index.php\/wp-json\/wp\/v2\/product_tag?post=948"}],"curies":[{"name":"wp","href":"https:\/\/api.w.org\/{rel}","templated":true}]}}