{"id":707,"date":"2018-05-18T09:56:53","date_gmt":"2018-05-18T09:56:53","guid":{"rendered":"http:\/\/localhost\/wordpress2\/?post_type=product&#038;p=707"},"modified":"2022-06-24T17:50:37","modified_gmt":"2022-06-24T17:50:37","slug":"software-de-control-time-report","status":"publish","type":"product","link":"https:\/\/systeminfo.pt\/index.php\/product\/software-de-control-time-report\/","title":{"rendered":"Software de control Time Report"},"content":{"rendered":"<div id=\"top\" class=\"body\">\n<div class=\"container-fluid\">\n<div class=\"row-fluid\">\n<div class=\"item-page\">\n<div>\n<h4>Software Time Report<\/h4>\n<p>Com a era da informatiza\u00e7\u00e3o, as aplica\u00e7\u00f5es de\u00a0<strong>controlo hor\u00e1rio<\/strong>\u00a0e acessos tornaram-se imprescind\u00edveis para as empresas.\u00a0\u00a0o\u00a0<strong>Time Report <\/strong>\u00e9 uma solu\u00e7\u00e3o capaz de responder \u00e0s necessidades da grande maioria das organiza\u00e7\u00f5es existentes.<\/p>\n<p>Esta aplica\u00e7\u00e3o p\u00f5e ao seu disp\u00f4r uma vasta gama de assistentes e utilit\u00e1rios que, em conjunto com uma estrutura de dados\u00a0<strong>simples e l\u00f3gica<\/strong>, a tornam na melhor solu\u00e7\u00e3o de controlo hor\u00e1rio actualmente no mercado.<\/p>\n<p>As constantes actualiza\u00e7\u00f5es e melhoramentos deste programa, a aten\u00e7\u00e3o ao detalhe e \u00e0s necessidades espec\u00edficas dos nossos clientes tornaram o\u00a0<strong>Time Report<\/strong>\u00a0num produto extremamente vers\u00e1til. Podemos garantir que o\u00a0<strong>Time Report<\/strong>, em conjunto com os seus\u00a0<a href=\"http:\/\/acronym-it.com\/plugins.html\">plugins<\/a>\u00a0e scripts personalizados, pode ser aplicado a praticamente qualquer tipo de\u00a0<strong>hor\u00e1rio de trabalho<\/strong>, por mais bizarro que seja.<\/p>\n<p>Dispon\u00edvel em v\u00e1rias linguas, opera em ambiente Windows conjuntamente com os terminais\u00a0<a href=\"http:\/\/acronym-it.com\/outlockusbbio.html\">OutLock USB Bio<\/a>,\u00a0<a href=\"http:\/\/acronym-it.com\/outlockusb.html\">OutLock USB<\/a>,\u00a0<a href=\"http:\/\/acronym-it.com\/evolutionusbbio.html\">Evolution USB Bio<\/a>,\u00a0<a href=\"http:\/\/acronym-it.com\/evolutionusb.html\">Evolution USB<\/a>\u00a0e\u00a0<a href=\"http:\/\/acronym-it.com\/miniscan-3.html\">miniSCAN 3<\/a>\u00a0.<\/p>\n<p>O\u00a0<strong>Time Report<\/strong>\u00a0est\u00e1 dispon\u00edvel na sua vers\u00e3o 5, baseada em SQL. Esta cont\u00e9m uma interface melhorada com design gr\u00e1fico atraente, possibilita a a introdu\u00e7\u00e3o de scripts de extens\u00e3o ao processamento e oferece ainda a possibilidade de consultar os resultados em forma de gr\u00e1ficos, entre outras funcionalidades.<\/p>\n<p>A vantagem fundamental do\u00a0<strong>Time Report<\/strong>\u00a0\u00e9 a sua facilidade de uso que, combinada com um ambiente gr\u00e1fico representativo, garante aos seus utilizadores uma percep\u00e7\u00e3o intuitiva do que est\u00e3o a ver e a fazer.<\/p>\n<p>O Time Report \u00e9 completamente parametriz\u00e1vel, possuindo scripts que alteram o seu modo de funcionamento e editores de relat\u00f3rios que permitem criar mapas \u00e0 medida, assim como alterar os j\u00e1 existentes.<\/p>\n<p>Outras potencialidades do\u00a0<strong>Time Report<\/strong>\u00a0que n\u00e3o est\u00e3o directamente relacionadas com o\u00a0<strong>controlo hor\u00e1rio<\/strong>\u00a0incluem o\u00a0<strong>controlo de acessos<\/strong>, atrav\u00e9s de per\u00edodos de acesso dos funcion\u00e1rios, e o\u00a0<strong>controlo de produ\u00e7\u00e3o<\/strong>\u00a0atrav\u00e9s da marca\u00e7\u00e3o de incidentes ou mesmo atrav\u00e9s de marca\u00e7\u00f5es de produ\u00e7\u00e3o (ordem de fabrico, m\u00e1quina, produto, quantidade, etc.), refor\u00e7ando a sua interac\u00e7\u00e3o com os terminais Acronym e aumentando as suas capacidades.<\/p>\n<div id=\"thumbnails\">\n<p><a title=\"Time Report 5\" href=\"http:\/\/acronym-it.com\/images\/produtos\/software-timereport\/image4.png\">\u00a0<\/a><\/p>\n<\/div>\n<div class=\"extras_left\">\n<p><strong>Caracter\u00edsticas:<\/strong><\/p>\n<ul>\n<li>&#8211; Suporte para os terminais\u00a0<a href=\"http:\/\/acronym-it.com\/evolutionusbbio.html\">Evolution USB<\/a>\u00a0e\u00a0<a href=\"http:\/\/acronym-it.com\/outlockusbbio.html\">OutLock USB<\/a>;<\/li>\n<li>&#8211; Exporta\u00e7\u00e3o para qualquer aplica\u00e7\u00e3o de sal\u00e1rios;<\/li>\n<li>&#8211; Liga\u00e7\u00e3o a terminais remotos atrav\u00e9s de TCP\/IP, HTTP (Web) ou DNS (hostname);<\/li>\n<li>&#8211; Liga\u00e7\u00e3o a terminais mobile (<a href=\"http:\/\/acronym-it.com\/timeclockings-pro.html\">aplicativos Android<\/a>);<\/li>\n<li>&#8211; Total flexibilidade na cria\u00e7\u00e3o de hor\u00e1rios;<\/li>\n<li>&#8211; Possibilidade de utiliza\u00e7\u00e3o por m\u00faltiplas empresas;<\/li>\n<li>&#8211; Permite definir v\u00e1rios utilizadores para login;<\/li>\n<li>&#8211; Funcionamento em multi-posto;<\/li>\n<li>&#8211; Para cada utilizador podem ser definidas diferentes permiss\u00f5es de acesso;<\/li>\n<li>&#8211; Permite a cria\u00e7\u00e3o de sec\u00e7\u00f5es;<\/li>\n<li>&#8211; Subdivis\u00e3o de funcion\u00e1rios por sec\u00e7\u00e3o;<\/li>\n<li>&#8211; Possibilidade de altera\u00e7\u00e3o e introdu\u00e7\u00e3o de mapas;<\/li>\n<li>&#8211; Acumulados di\u00e1rios, semanais, mensais e flex\u00edveis;<\/li>\n<li>&#8211; Banco de horas;<\/li>\n<li>&#8211; Controlo completo sobre o registo dos seus funcion\u00e1rios;<\/li>\n<li>&#8211; Suporte para cart\u00f5es provis\u00f3rios;<\/li>\n<li>&#8211; Apresenta\u00e7\u00e3o de resultados de forma gr\u00e1fica;<\/li>\n<li>&#8211; Gest\u00e3o de utilizadores e empresas;<\/li>\n<\/ul>\n<\/div>\n<div class=\"extras_center\">\n<ul>\n<li>&#8211; Visualiza\u00e7\u00e3o e impress\u00e3o de gr\u00e1ficos;<\/li>\n<li>&#8211; Pr\u00e9-defini\u00e7\u00e3o de aus\u00eancias previstas;<\/li>\n<li>&#8211; Configura\u00e7\u00e3o de escalas espec\u00edficas;<\/li>\n<li>&#8211; Atribui\u00e7\u00e3o de hor\u00e1rios de trabalho complexos;<\/li>\n<li>&#8211; Controlo de produ\u00e7\u00e3o;<\/li>\n<li>&#8211; Controlo de acessos;<\/li>\n<li>&#8211; Controlo de infant\u00e1rios;<\/li>\n<li>&#8211; Configura\u00e7\u00e3o de recolhas autom\u00e1ticas;<\/li>\n<li>&#8211; Defini\u00e7\u00e3o de c\u00f3digos de processamento;<\/li>\n<li>&#8211; Cria\u00e7\u00e3o de c\u00f3digos de incidentes;<\/li>\n<li>&#8211; Configura\u00e7\u00e3o de c\u00f3digos de produ\u00e7\u00e3o;<\/li>\n<li>&#8211; Permite definir f\u00e9rias e feriados;<\/li>\n<li>&#8211; Cria\u00e7\u00e3o de planos di\u00e1rios e planos de trabalho;<\/li>\n<li>&#8211; Permite a visualiza\u00e7\u00e3o e impress\u00e3o de relat\u00f3rios;<\/li>\n<li>&#8211; O utilizador pode criar os seus pr\u00f3prios relat\u00f3rios;<\/li>\n<li>&#8211; Consulta dos funcion\u00e1rios presentes e ausentes em tempo real;<\/li>\n<li>&#8211; Sistema de ajuda online (FAQ ou SAC);<\/li>\n<li>&#8211; Permite definir a sua pr\u00f3pria localiza\u00e7\u00e3o (URL) para o sistema de ajuda;<\/li>\n<li>&#8211; Suporte a partir de\u00a0<a href=\"http:\/\/acronym-it.com\/software.html\">plugin<\/a>\u00a0de assist\u00eancia remota;<\/li>\n<li>&#8211; Compatibilidade com v\u00e1rios\u00a0<a href=\"http:\/\/acronym-it.com\/plugins.html\">plugins<\/a>\u00a0e\u00a0<a href=\"http:\/\/acronym-it.com\/modulos.html\">m\u00f3dulos<\/a>;<\/li>\n<\/ul>\n<\/div>\n<div class=\"extras_right\">\n<ul>\n<li>&#8211; Parametriz\u00e1vel a partir de scripts criados \u00e0 medida do utilizador;<\/li>\n<li>&#8211; Recolha e processamento de marca\u00e7\u00f5es;<\/li>\n<li>&#8211; Permite a corre\u00e7\u00e3o de resultados;<\/li>\n<li>&#8211; Gest\u00e3o de permiss\u00f5es e acessos ao\u00a0<a href=\"http:\/\/acronym-it.com\/time-report-web.html\">Time Report Web<\/a>;<\/li>\n<li>&#8211; Defini\u00e7\u00e3o de permiss\u00f5es para acesso de um utilizador ou funcion\u00e1rio \u00e0s\u00a0<a href=\"http:\/\/acronym-it.com\/timeclockings-pro.html\">aplica\u00e7\u00f5es Android<\/a>;<\/li>\n<li>&#8211; Visualiza\u00e7\u00e3o de eventos dos terminais;<\/li>\n<li>&#8211; Configurar o envio de mensagens aos funcion\u00e1rios a partir dos terminais;<\/li>\n<li>&#8211; Defini\u00e7\u00e3o de \u00e1rea geogr\u00e1fica para marca\u00e7\u00f5es nas\u00a0<a href=\"http:\/\/acronym-it.com\/timeclockings-pro.html\">aplica\u00e7\u00f5es Android<\/a>;<\/li>\n<li>&#8211; Defini\u00e7\u00e3o de restri\u00e7\u00f5es de sinal wireless para as\u00a0<a href=\"http:\/\/acronym-it.com\/timeclockings-pro.html\">aplica\u00e7\u00f5es Android<\/a>;<\/li>\n<li>&#8211; Dispon\u00edvel em v\u00e1rias l\u00ednguas: Portugu\u00eas, Franc\u00eas, Espanhol.<\/li>\n<\/ul>\n<\/div>\n<\/div>\n<\/div>\n<div class=\"clearfix\"><\/div>\n<\/div>\n<\/div>\n<\/div>\n<footer class=\"footer\" role=\"contentinfo\">\n<div class=\"container-fluid\"><\/div>\n<\/footer>\n","protected":false},"excerpt":{"rendered":"<p>Este software, em conjunto com os seus plugins e scripts personalizados, pode ser aplicado a praticamente qualquer tipo de hor\u00e1rio de trabalho<\/p>\n","protected":false},"featured_media":810,"template":"","meta":{"_exactmetrics_skip_tracking":false,"_exactmetrics_sitenote_active":false,"_exactmetrics_sitenote_note":"","_exactmetrics_sitenote_category":0},"product_brand":[],"product_cat":[87],"product_tag":[],"class_list":{"0":"post-707","1":"product","2":"type-product","3":"status-publish","4":"has-post-thumbnail","6":"product_cat-relogio-de-ponto","8":"first","9":"instock","10":"featured","11":"shipping-taxable","12":"product-type-simple"},"_links":{"self":[{"href":"https:\/\/systeminfo.pt\/index.php\/wp-json\/wp\/v2\/product\/707","targetHints":{"allow":["GET"]}}],"collection":[{"href":"https:\/\/systeminfo.pt\/index.php\/wp-json\/wp\/v2\/product"}],"about":[{"href":"https:\/\/systeminfo.pt\/index.php\/wp-json\/wp\/v2\/types\/product"}],"version-history":[{"count":1,"href":"https:\/\/systeminfo.pt\/index.php\/wp-json\/wp\/v2\/product\/707\/revisions"}],"predecessor-version":[{"id":919,"href":"https:\/\/systeminfo.pt\/index.php\/wp-json\/wp\/v2\/product\/707\/revisions\/919"}],"wp:featuredmedia":[{"embeddable":true,"href":"https:\/\/systeminfo.pt\/index.php\/wp-json\/wp\/v2\/media\/810"}],"wp:attachment":[{"href":"https:\/\/systeminfo.pt\/index.php\/wp-json\/wp\/v2\/media?parent=707"}],"wp:term":[{"taxonomy":"product_brand","embeddable":true,"href":"https:\/\/systeminfo.pt\/index.php\/wp-json\/wp\/v2\/product_brand?post=707"},{"taxonomy":"product_cat","embeddable":true,"href":"https:\/\/systeminfo.pt\/index.php\/wp-json\/wp\/v2\/product_cat?post=707"},{"taxonomy":"product_tag","embeddable":true,"href":"https:\/\/systeminfo.pt\/index.php\/wp-json\/wp\/v2\/product_tag?post=707"}],"curies":[{"name":"wp","href":"https:\/\/api.w.org\/{rel}","templated":true}]}}