{"id":1061,"date":"2018-08-16T11:47:29","date_gmt":"2018-08-16T11:47:29","guid":{"rendered":"https:\/\/systeminfo.pt\/?post_type=product&#038;p=1061"},"modified":"2021-03-17T22:29:16","modified_gmt":"2021-03-17T22:29:16","slug":"brother-hl-l6400dw","status":"publish","type":"product","link":"https:\/\/systeminfo.pt\/index.php\/product\/brother-hl-l6400dw\/","title":{"rendered":"Brother HL-L6400dw"},"content":{"rendered":"<div class=\"container container--grid\" data-product=\"\">\n<div class=\"row grid\">\n<div>\n<div class=\"col-xs-12 grid-cell\">\n<div class=\"product-detail--content\">\n<article id=\"overview\" class=\"product-detail--content-group product-detail--content-group__open-lg product-detail--content-group__open-sm\">\n<div class=\"product-detail--content-group--wrapper\">\n<div class=\"product-detail--content-group--inner\">\n<div class=\"row\">\n<div class=\"col-xs-12 col-md-8\">\n<p>A impressora HL-L6400DW \u00e9 recomendada para ambientes com grandes volumes de trabalho e necessidades totais de impress\u00e3o at\u00e9 10.000 p\u00e1ginas por m\u00eas. A velocidade de impress\u00e3o de at\u00e9 50 p\u00e1ginas por minuto, mem\u00f3ria de 512MB, processador de 800MHz e as suas op\u00e7\u00f5es de conex\u00e3o \u00e0 rede (cablada ou sem fios) permitem que o equipamento seja partilhado por diversos utilizadores sem atolamentos ou esperas, contribuindo para aumentar a produtividade. Pode imprimir desde dispositivos m\u00f3veis usando o iPrint&amp;Scan da Brother ou uma das diferentes aplica\u00e7\u00f5es dispon\u00edveis como Airprint, Google Cloud Print ou Mopria.<\/p>\n<h4>Poupan\u00e7a<\/h4>\n<p>Entre as suas caracter\u00edsticas para proporcionar uma maior poupan\u00e7a, destacam-se:<\/p>\n<ul>\n<li>Toner de mega capacidade de 20.000 p\u00e1ginas (segundo ISO\/ICE 19752) dispon\u00edvel, proporcionando um custo por p\u00e1gina muito baixo e menos gastos log\u00edsticos.<\/li>\n<li>Duplex autom\u00e1tico de impress\u00e3o para poder imprimir documentos em frente e verso ou em formato folheto, reduzindo o consumo de papel.<\/li>\n<li>O Bloqueio Seguro de Fun\u00e7\u00f5es 3.0 permite restringir o n\u00famero de impress\u00f5es por utilizador e\/ou fazer o seguimento de que volume foi impresso por cada um, para poder ter um maior controlo dos custos de impress\u00e3o.<\/li>\n<li>O toner e tambor s\u00e3o independentes para que apenas tenha que substituir o consum\u00edvel terminado, possibilitando uma redu\u00e7\u00e3o de custos e de res\u00edduos.<\/li>\n<\/ul>\n<\/div>\n<\/div>\n<\/div>\n<\/div>\n<\/article>\n<\/div>\n<\/div>\n<\/div>\n<\/div>\n<\/div>\n","protected":false},"excerpt":{"rendered":"<div class=\"container container--grid\" data-product=\"\">\n<div class=\"row grid\">\n<div>\n<div class=\"col-xs-12 grid-cell\">\n<div class=\"product-detail--description-wrapper\">\n<div class=\"col-xs-12 col-sm-6 col-md-12 product-detail--container-features\">\n<section class=\"product-detail--section product-detail--key-features\">\n<ul class=\"tick-list\">\n<li>Velocidade 50 p\u00e1ginas por minuto<\/li>\n<li>Impress\u00e3o frente e verso autom\u00e1tica<\/li>\n<li>Bandeja 520 folhas<\/li>\n<li>Mem\u00f3ria 512MB<\/li>\n<li>Impress\u00e3o segura (com PIN)<\/li>\n<li>Toner de 12.000 p\u00e1ginas<\/li>\n<\/ul>\n<\/section>\n<\/div>\n<\/div>\n<\/div>\n<\/div>\n<\/div>\n<\/div>\n","protected":false},"featured_media":1077,"template":"","meta":{"_exactmetrics_skip_tracking":false,"_exactmetrics_sitenote_active":false,"_exactmetrics_sitenote_note":"","_exactmetrics_sitenote_category":0},"product_brand":[],"product_cat":[112,105],"product_tag":[],"class_list":{"0":"post-1061","1":"product","2":"type-product","3":"status-publish","4":"has-post-thumbnail","6":"product_cat-impressoras","7":"product_cat-recondicionado","9":"first","10":"instock","11":"shipping-taxable","12":"product-type-simple"},"_links":{"self":[{"href":"https:\/\/systeminfo.pt\/index.php\/wp-json\/wp\/v2\/product\/1061","targetHints":{"allow":["GET"]}}],"collection":[{"href":"https:\/\/systeminfo.pt\/index.php\/wp-json\/wp\/v2\/product"}],"about":[{"href":"https:\/\/systeminfo.pt\/index.php\/wp-json\/wp\/v2\/types\/product"}],"version-history":[{"count":1,"href":"https:\/\/systeminfo.pt\/index.php\/wp-json\/wp\/v2\/product\/1061\/revisions"}],"predecessor-version":[{"id":1078,"href":"https:\/\/systeminfo.pt\/index.php\/wp-json\/wp\/v2\/product\/1061\/revisions\/1078"}],"wp:featuredmedia":[{"embeddable":true,"href":"https:\/\/systeminfo.pt\/index.php\/wp-json\/wp\/v2\/media\/1077"}],"wp:attachment":[{"href":"https:\/\/systeminfo.pt\/index.php\/wp-json\/wp\/v2\/media?parent=1061"}],"wp:term":[{"taxonomy":"product_brand","embeddable":true,"href":"https:\/\/systeminfo.pt\/index.php\/wp-json\/wp\/v2\/product_brand?post=1061"},{"taxonomy":"product_cat","embeddable":true,"href":"https:\/\/systeminfo.pt\/index.php\/wp-json\/wp\/v2\/product_cat?post=1061"},{"taxonomy":"product_tag","embeddable":true,"href":"https:\/\/systeminfo.pt\/index.php\/wp-json\/wp\/v2\/product_tag?post=1061"}],"curies":[{"name":"wp","href":"https:\/\/api.w.org\/{rel}","templated":true}]}}